{"id":156,"date":"2017-05-08T12:44:27","date_gmt":"2017-05-08T12:44:27","guid":{"rendered":"https:\/\/mfroisemont.fr\/?page_id=156"},"modified":"2025-04-07T13:14:08","modified_gmt":"2025-04-07T13:14:08","slug":"4eme-3eme","status":"publish","type":"page","link":"https:\/\/mfroisemont.fr\/?page_id=156","title":{"rendered":"4\u00e8me \/ 3\u00e8me"},"content":{"rendered":"<h3>Taux de r\u00e9ussite aux examens :<\/h3>\n<ul>\n<li style=\"list-style-type: none;\">\n<ul>\n<li style=\"list-style-type: none;\">\n<ul>\n<li><strong>CFG<\/strong> &#8211; <em>2019<\/em> : 100%\u00a0 \u00a0 <em>2020<\/em> : 100%\u00a0 \u00a0<em>2021<\/em> : 100%\u00a0 \u00a0<em>2022<\/em> : 100%\u00a0 \u00a0<em>2023<\/em> : 100%\u00a0<em> 2024 :<\/em> 100%<\/li>\n<li><strong>DNB<\/strong> &#8211; <em>2019<\/em> : 100%\u00a0 \u00a0<em>2020<\/em> : 100%\u00a0 \u00a0<em>2021<\/em> : 87%\u00a0 \u00a0 <em>2022<\/em> : 87%\u00a0 \u00a0 \u00a0<em>2023<\/em> : 94.6%\u00a0<em> \u00a02024 :<\/em> 87%<\/li>\n<\/ul>\n<\/li>\n<\/ul>\n<\/li>\n<\/ul>\n<h3><span style=\"color: #ffcc00;\"><em><span style=\"font-size: 18pt;\">Les classes d\u2019orientation : 4\u00e8me \/ 3\u00e8me de l\u2019Enseignement Agricole<\/span><\/em><\/span><\/h3>\n<table class=\"fiche_formation\" style=\"width: 667px;\" border=\"0\" cellpadding=\"10\">\n<tbody>\n<tr>\n<td style=\"width: 307px;\" valign=\"top\"><span style=\"color: #339966;\"><strong><span class=\"titre_formation\">ADMISSION<\/span><\/strong><\/span>\n<p style=\"text-align: justify;\">Avoir 14 ans avant le 31\/12 suivant le d\u00e9but de formation. Sortir d\u2019une classe de 5\u00e8me pour int\u00e9grer une 4\u00e8me de l\u2019enseignement agricole et sortir d\u2019une classe de 4\u00e8me pour une rentr\u00e9e en 3\u00e8me de l\u2019enseignement agricole.<\/p>\n<p><span style=\"color: #339966;\"><strong><span class=\"titre_formation\">POURSUITE D&rsquo;<\/span><\/strong><b>ETUDES<\/b><\/span><\/p>\n<p style=\"text-align: justify;\">Apr\u00e8s la d\u00e9couverte de plusieurs m\u00e9tiers en stage (tout secteur professionnel possible), l&rsquo;\u00e9quipe p\u00e9dagogique accompagne le jeune et sa famille vers la formation ad\u00e9quate (CAP ou Bac Pro) que ce soit en apprentissage ou non, et dans les \u00e9coles correspondantes.<\/p>\n<p style=\"text-align: justify;\">Ceux qui souhaitent travailler aupr\u00e8s des enfants, des personnes \u00e2g\u00e9es, ou d&rsquo;autres services (restauration, entretien, accueil\/communication, tourisme,..) peuvent int\u00e9grer le Bac Pro Services Aux Personnes et Animation du Territoire (SAPAT) propos\u00e9 \u00e0 la MFR de Oisemont.<\/p>\n<p><span style=\"color: #339966;\"><strong><span class=\"titre_formation\">LES PLUS DE LA FORMATION<\/span><\/strong><\/span><\/p>\n<p style=\"text-align: justify;\">La r\u00e9alisation de projets de classe concrets (Enseignement Pratique Interdisciplinaire), des moniteurs \u00e0 l\u2019\u00e9coute des \u00e9l\u00e8ves, un accompagnement personnalis\u00e9, des visites et interventions th\u00e9matiques : entreprises, mus\u00e9es,\u2026<\/p>\n<p><span style=\"color: #339966;\"><strong>\u00a0<span class=\"titre_formation\">LA VIE RESIDENTIELLE<\/span><\/strong><\/span><\/p>\n<p style=\"text-align: justify;\">Le jeune peut \u00eatre h\u00e9berg\u00e9 \u00e0 la MFR, en internat, durant ses semaines de formation. Il pourra participer \u00e0 toutes les activit\u00e9s propos\u00e9es hors cours : activit\u00e9 socioculturelle, soir\u00e9es \u00e0 th\u00e8me&#8230;<br \/>Il b\u00e9n\u00e9ficiera d\u2019un accompagnement pour les devoirs, lors des temps d\u2019\u00e9tudes.<br \/>La scolarit\u00e9 en internat d\u00e9passe les objectifs scolaires pour aller vers la construction personnelle du jeune (autonomie, citoyennet\u00e9, \u2026).<\/p>\n<\/td>\n<td style=\"width: 318px;\" valign=\"top\"><span style=\"color: #339966;\"><strong><span class=\"titre_formation\">OBJECTIFS<\/span><\/strong><\/span>\n<p style=\"text-align: justify;\">Acqu\u00e9rir des connaissances g\u00e9n\u00e9rales de base indispensables \u00e0 toute formation, pr\u00e9parer l\u2019\u00e9l\u00e8ve \u00e0 suivre avec profit une fili\u00e8re conduisant \u00e0 l\u2019obtention d\u2019un dipl\u00f4me, prendre en compte les difficult\u00e9s de l\u2019\u00e9l\u00e8ve, ouverture du jeune en milieu socioprofessionnel, pr\u00e9parer l\u2019\u00e9l\u00e8ve au Dipl\u00f4me National du Brevet (DNB)<\/p>\n<p><span style=\"color: #339966;\"><strong><span class=\"titre_formation\">LES\u00a0STAGES\u00a0ET\u00a0LA FORMATION<\/span><\/strong><\/span><\/p>\n<p style=\"text-align: justify;\">Le rythme d\u2019alternance est de 16 \u00e0 17 semaines de formation th\u00e9orique et d\u2019environ 22 \u00e0 23 semaines de stage en entreprise.<br \/>L\u2019ann\u00e9e \u00e9tant ax\u00e9e\u00a0sur l\u2019orientation, le jeune peut d\u00e9couvrir diff\u00e9rents secteurs d\u2019activit\u00e9s.<\/p>\n<p style=\"text-align: justify;\">A la MFR trois grands modules sont abord\u00e9s en formation th\u00e9orique avec le contenu suivant :<br \/><em><strong>\u2022 Enseignement G\u00e9n\u00e9ral :<\/strong><\/em><br \/>Fran\u00e7ais, Anglais, Histoire, G\u00e9ographie, Education civique, Math\u00e9matiques, Biologie, Physique-chimie<br \/><em><strong>\u2022 Vie Sociale et Culturelle : <\/strong><\/em><br \/>Education physique et sportive, \u00e9ducation socioculturelle, 4 parcours possibles (Culturel, Sant\u00e9, Citoyen, Avenir)<br \/><em><strong>\u2022 Enseignement\u00a0Professionnel : <\/strong><\/em><br \/>Informatique, Cuisine, Secourisme<\/p>\n<p><img decoding=\"async\" src=\"https:\/\/lyceeguymollet.fr\/wp-content\/uploads\/2019\/03\/592_view-1024x724.jpg\" alt=\"R\u00e9sultat de recherche d'images pour &quot;orientation&quot;\" \/><\/p>\n<\/td>\n<\/tr>\n<\/tbody>\n<\/table>\n<h3><em><span style=\"color: #ffbf00;\"><strong>Apr\u00e8s la 3\u00e8me d\u2019orientation :<\/strong><\/span><\/em><\/h3>\n<p>Les classes de 4\u00e8me et 3\u00e8me aident le jeune \u00e0 d\u00e9couvrir son projet professionnel gr\u00e2ce aux 3 stages diff\u00e9rents par ann\u00e9e. Il est donc possible d\u2019int\u00e9grer toutes sortes d\u2019\u00e9coles et de formations apr\u00e8s la 3\u00e8me, selon l\u2019orientation choisie : Interfor, CFA, IREAM, lyc\u00e9e, lyc\u00e9e professionnel, Maison Familiale Rurale.<\/p>\n\n\n<div style=\"width: 620px;\" class=\"wp-video\"><!--[if lt IE 9]><script>document.createElement('video');<\/script><![endif]-->\n<video class=\"wp-video-shortcode\" id=\"video-156-1\" width=\"620\" height=\"349\" preload=\"metadata\" controls=\"controls\"><source type=\"video\/mp4\" src=\"https:\/\/mfroisemont.fr\/wp-content\/uploads\/2021\/04\/4eme-3eme.mp4?_=1\" \/><a href=\"https:\/\/mfroisemont.fr\/wp-content\/uploads\/2021\/04\/4eme-3eme.mp4\">https:\/\/mfroisemont.fr\/wp-content\/uploads\/2021\/04\/4eme-3eme.mp4<\/a><\/video><\/div>\n<p>&nbsp;<\/p>\n\n\n\n\n\n<div class=\"wp-block-buttons is-layout-flex wp-block-buttons-is-layout-flex\">\n<div class=\"wp-block-button is-style-outline\"><a class=\"wp-block-button__link wp-element-button\" href=\"https:\/\/acrobat.adobe.com\/id\/urn:aaid:sc:EU:731da2d2-c4fa-4956-9e07-912e633bdd20\">Plaquette 4\u00e8me-3\u00e8me<\/a><\/div>\n\n\n\n<div class=\"wp-block-button is-style-outline\"><a class=\"wp-block-button__link wp-element-button\" href=\"https:\/\/acrobat.adobe.com\/id\/urn:aaid:sc:EU:ded5e21f-8b20-4d20-ba0e-d443ee719e5d\">Tarifs<\/a><\/div>\n<\/div>\n\n\n\n<div class=\"wp-block-buttons is-layout-flex wp-block-buttons-is-layout-flex\"><\/div>\n\n\n\n<div class=\"wp-block-buttons is-layout-flex wp-block-buttons-is-layout-flex\"><\/div>\n","protected":false},"excerpt":{"rendered":"<p>Taux de r\u00e9ussite aux examens : CFG &#8211; 2019 : 100%\u00a0 \u00a0 2020 : 100%\u00a0 \u00a02021 : 100%\u00a0 \u00a02022 : 100%\u00a0 \u00a02023 : 100%\u00a0 2024 : 100% DNB &#8211; 2019 : 100%\u00a0 \u00a02020 : 100%\u00a0 \u00a02021 : 87%\u00a0 \u00a0 2022 : 87%\u00a0 \u00a0 \u00a02023 : 94.6%\u00a0 \u00a02024 : 87% Les classes d\u2019orientation : 4\u00e8me \/ [&hellip;]<\/p>\n","protected":false},"author":1,"featured_media":0,"parent":0,"menu_order":0,"comment_status":"closed","ping_status":"closed","template":"","meta":{"footnotes":""},"_links":{"self":[{"href":"https:\/\/mfroisemont.fr\/index.php?rest_route=\/wp\/v2\/pages\/156"}],"collection":[{"href":"https:\/\/mfroisemont.fr\/index.php?rest_route=\/wp\/v2\/pages"}],"about":[{"href":"https:\/\/mfroisemont.fr\/index.php?rest_route=\/wp\/v2\/types\/page"}],"author":[{"embeddable":true,"href":"https:\/\/mfroisemont.fr\/index.php?rest_route=\/wp\/v2\/users\/1"}],"replies":[{"embeddable":true,"href":"https:\/\/mfroisemont.fr\/index.php?rest_route=%2Fwp%2Fv2%2Fcomments&post=156"}],"version-history":[{"count":39,"href":"https:\/\/mfroisemont.fr\/index.php?rest_route=\/wp\/v2\/pages\/156\/revisions"}],"predecessor-version":[{"id":1016,"href":"https:\/\/mfroisemont.fr\/index.php?rest_route=\/wp\/v2\/pages\/156\/revisions\/1016"}],"wp:attachment":[{"href":"https:\/\/mfroisemont.fr\/index.php?rest_route=%2Fwp%2Fv2%2Fmedia&parent=156"}],"curies":[{"name":"wp","href":"https:\/\/api.w.org\/{rel}","templated":true}]}}