{"id":93,"date":"2017-01-24T09:59:19","date_gmt":"2017-01-24T09:59:19","guid":{"rendered":"https:\/\/mfroisemont.fr\/?page_id=93"},"modified":"2017-06-16T10:11:05","modified_gmt":"2017-06-16T10:11:05","slug":"seconde","status":"publish","type":"page","link":"https:\/\/mfroisemont.fr\/?page_id=93","title":{"rendered":"Location"},"content":{"rendered":"<p><span style=\"font-family: 'comic sans ms', sans-serif; font-size: 14pt;\">Vous \u00eates une association, une entreprise ou des particuliers ?<\/span><\/p>\n<p><span style=\"font-family: 'comic sans ms', sans-serif; font-size: 14pt;\">Vous recherchez un \u00e9tablissement \u00e0 louer pour un centre de loisirs ? Un s\u00e9minaire ? Une communion ? Un bapt\u00eame ? Un repas de famille ?<\/span><\/p>\n<p><span style=\"font-family: 'comic sans ms', sans-serif; font-size: 14pt;\">Contactez notre secr\u00e9tariat au 03.22.25.12.50, nous nous ferons un plaisir de vous renseigner.<\/span><\/p>\n","protected":false},"excerpt":{"rendered":"<p>Vous \u00eates une association, une entreprise ou des particuliers ? Vous recherchez un \u00e9tablissement \u00e0 louer pour un centre de loisirs ? Un s\u00e9minaire ? Une communion ? Un bapt\u00eame ? Un repas de famille ? Contactez notre secr\u00e9tariat au 03.22.25.12.50, nous nous ferons un plaisir de vous renseigner.<\/p>\n","protected":false},"author":1,"featured_media":0,"parent":91,"menu_order":0,"comment_status":"closed","ping_status":"closed","template":"","meta":{"footnotes":""},"_links":{"self":[{"href":"https:\/\/mfroisemont.fr\/index.php?rest_route=\/wp\/v2\/pages\/93"}],"collection":[{"href":"https:\/\/mfroisemont.fr\/index.php?rest_route=\/wp\/v2\/pages"}],"about":[{"href":"https:\/\/mfroisemont.fr\/index.php?rest_route=\/wp\/v2\/types\/page"}],"author":[{"embeddable":true,"href":"https:\/\/mfroisemont.fr\/index.php?rest_route=\/wp\/v2\/users\/1"}],"replies":[{"embeddable":true,"href":"https:\/\/mfroisemont.fr\/index.php?rest_route=%2Fwp%2Fv2%2Fcomments&post=93"}],"version-history":[{"count":5,"href":"https:\/\/mfroisemont.fr\/index.php?rest_route=\/wp\/v2\/pages\/93\/revisions"}],"predecessor-version":[{"id":362,"href":"https:\/\/mfroisemont.fr\/index.php?rest_route=\/wp\/v2\/pages\/93\/revisions\/362"}],"up":[{"embeddable":true,"href":"https:\/\/mfroisemont.fr\/index.php?rest_route=\/wp\/v2\/pages\/91"}],"wp:attachment":[{"href":"https:\/\/mfroisemont.fr\/index.php?rest_route=%2Fwp%2Fv2%2Fmedia&parent=93"}],"curies":[{"name":"wp","href":"https:\/\/api.w.org\/{rel}","templated":true}]}}